2) to base 8.
-1076
49125 (base 10) to base 16
bfe5
What is -46188 (base 9) in base 15?
-91be
100001 (base 4) to base 14
533
What is -10101000000 (base 2) in base 6?
-10120
What is 30334 (base 5) in base 9?
2627
12021103 (base 4) to base 11
17a03
10010011010 (base 2) to base 4
102122
Convert -1013202 (base 4) to base 13.
-2112
103 (base 12) to base 7
300
-1208 (base 12) to base 4
-133220
1010101110000111 (base 2) to base 4
22232013
Convert 896 (base 13) to base 11.
1121
-29e (base 15) to base 3
-211012
579 (base 12) to base 11
67a
What is 5957 (base 12) in base 6?
114151
5d7 (base 16) to base 7
4234
43e (base 15) to base 6
4235
-546 (base 16) to base 8
-2506
135 (base 16) to base 4
10311
-32814 (base 9) to base 16
-552a
1010010101101110 (base 2) to base 13
16379
What is 2d2 (base 15) in base 13?
3aa
3a09 (base 11) to base 7
21124
Convert -26173 (base 13) to base 5.
-4224232
Convert 18d08 (base 14) to base 6.
1203152
114356 (base 7) to base 4
11010200
-4144 (base 5) to base 7
-1413
What is -503 (base 9) in base 7?
-1122
What is -325a (base 14) in base 12?
-5054
-3200 (base 5) to base 10
-425
Convert 5749 (base 16) to base 6.
251241
What is -1015 (base 14) in base 12?
-1723
What is -358 (base 10) in base 12?
-25a
What is -1102230 (base 5) in base 2?
-100101001111001
-26676 (base 9) to base 15
-5536
Convert 3011 (base 7) to base 2.
10000001101
What is 2b2 (base 16) in base 11?
578
Convert 124 (base 12) to base 9.
211
53 (base 6) to base 10
33
Convert -1b318 (base 12) to base 5.
-2241241
-6331 (base 10) to base 12
-37b7
-37307 (base 10) to base 6
-444415
What is -126d (base 14) in base 6?
-22545
-10030330 (base 4) to base 12
-9b64
Convert -25353 (base 9) to base 4.
-10022202
-2a066 (base 13) to base 14
-20bd6
c260 (base 13) to base 2
110100010011100
What is 232311 (base 4) in base 16?
bb5
What is 120210220 (base 3) in base 8?
26406
1210210000 (base 3) to base 9
53700
Convert -b1a (base 12) to base 7.
-4453
What is -12012201 (base 3) in base 8?
-7327
1302220 (base 4) to base 7
30250
11422 (base 5) to base 13
514
-414 (base 13) to base 11
-580
-15d8 (base 15) to base 10
-4703
What is 213 (base 6) in base 7?
144
-5185 (base 13) to base 11
-850a
Convert 10b05 (base 12) to base 14.
81c9
8683 (base 12) to base 7
61053
What is -1321000 (base 5) in base 13?
-c00b
Convert -22401 (base 6) to base 11.
-2421
What is 6853 (base 9) in base 11?
389a
13412 (base 5) to base 11
917
-162 (base 14) to base 6
-1150
19db (base 14) to base 15
15d6
Convert -214432 (base 8) to base 5.
-4300322
-2132 (base 5) to base 12
-204
What is -1222 (base 5) in base 10?
-187
What is -20605 (base 10) in base 12?
-bb11
What is -21203 (base 6) in base 13?
-140a
What is 12712 (base 11) in base 16?
46f3
6e7 (base 15) to base 6
11131
205344 (base 7) to base 11
24750
What is -3392 (base 14) in base 4?
-2023310
What is 2857 (base 15) in base 5?
234012
Convert -1003 (base 7) to base 3.
-110211
Convert 2026 (base 11) to base 7.
10562
What is -1321 (base 8) in base 7?
-2050
What is 522 (base 11) in base 2?
1001110101
-232030 (base 4) to base 9
-4044
Convert -45104 (base 7) to base 10.
-11372
What is -2ad (base 16) in base 10?
-685
What is 1212c (base 14) in base 2?
1010110001101100
Convert -2201011 (base 3) to base 4.
-132313
Convert 442c (base 13) to base 10.
9502
ba1 (base 13) to base 7
5542
Convert -663 (base 7) to base 9.
-416
Convert -110010011 (base 2) to base 12.
-297
Convert 3009 (base 14) to base 10.
8241
Convert -15435 (base 6) to base 11.
-1a02
Convert -167421 (base 8) to base 11.
-41a88
Convert 3924 (base 10) to base 12.
2330
What is -82 (base 9) in base 12?
-62
Convert -22020200 (base 3) to base 12.
-3590
-3531 (base 6) to base 4
-31033
What is -10044 (base 6) in base 16?
-52c
Convert -224043 (base 6) to base 2.
-100101001011011
3465 (base 12) to base 2
1011011001101
-111001101110101 (base 2) to base 12
-15131
What is -22004 (base 5) in base 11?
-1148
What is 1024 (base 7) in base 8?
551
What is 64451 (base 8) in base 3?
1100221002
Convert -d4a (base 15) to base 7.
-11506
-888 (base 12) to base 8
-2350
Convert -1033 (base 7) to base 14.
-1c3
Convert 31100 (base 4) to base 2.
1101010000
Convert -41020 (base 5) to base 7.
-10453
Convert 3dc8 (base 15) to base 14.
4b78
Convert 1401 (base 14) to base 8.
6711
Convert 3a5 (base 11) to base 2.
111011110
What is 1869 (base 11) in base 13?
1108
55 (base 9) to base 2
110010
What is -e32b (base 15) in base 8?
-135536
What is -10010010100011 (base 2) in base 10?
-9379
What is 1d28d (base 14) in base 6?
1333221
Convert -1001100110111110 (base 2) to base 12.
-1a93a
What is 62542 (base 8) in base 3?
1022121021
1441 (base 7) to base 4
20320
Convert -175 (base 12) to base 11.
-1a2
309a (base 11) to base 16
1006
6a81 (base 16) to base 2
110101010000001
Convert 41123 (base 8) to base 16.
4253
-14023 (base 5) to base 8
-2162
What is -291 (base 15) in base 6?
-2414
35162 (base 8) to base 9
22464
Convert -14a (base 14) to base 12.
-19a
What is 10333 (base 8) in base 13?
1c6c
What is 1317 (base 8) in base 13?
434
-345 (base 13) to base 4
-20310
Convert 1627 (base 13) to base 15.
e64
Convert -133 (base 14) to base 11.
-1aa
Convert -12203 (base 4) to base 12.
-2ab
-c4c (base 16) to base 13
-1582
What is -36d1 (base 16) in base 10?
-14033
-1012311 (base 5) to base 7
-66225
What is -108 (base 15) in base 7?
-452
1340 (base 5) to base 8
334
What is 1212 (base 7) in base 3?
121200
Convert -456 (base 10) to base 11.
-385
What is -22664 (base 7) in base 12?
-3458
-331332 (base 4) to base 12
-2366
What is -25142 (base 6) in base 4?
-322112
Convert 4cd2 (base 15) to base 12.
95a5
What is -82 (base 14) in base 3?
-11020
-4286 (base 9) to base 6
-22340
Convert 3012 (base 4) to base 16.
c6
Convert -3792 (base 10) to base 3.
-12012110
1211102 (base 3) to base 13
7b8
Convert 1100 (base 12) to base 2.
11101010000
Convert 3564 (base 12) to base 3.
22012111
Convert 6315 (base 16) to base 11.
1806a
What is 3591 (base 16) in base 10?
13713
-662 (base 8) to base 14
-230
What is 1243233 (base 6) in base 2?
10000101000100101
What is 525 (base 15) in base 8?
2210
What is -5548 (base 12) in base 7?
-36311
What is 267 (base 11) in base 12?
223
3502 (base 7) to base 9
1667
Convert -102001 (base 4) to base 2.
-10010000001
-401 (base 6) to base 13
-b2
-10361 (base 7) to base 9
-3488
Convert -6a18 (base 14) to base 15.
-56eb
-4662 (base 9) to base 11
-2664
What is 101010111 (base 2) in base 10?
343
Convert 5245 (base 9) to base 15.
1218
What is 448 (base 16) in base 9?
1447
What is 2010102000 (base 3) in base 11?
29496
Convert 3002030 (base 4) to base 15.
3a38
What is -4240224 (base 5) in base 4?
-101122102
What is -125 (base 14) in base 15?
-104
Convert 1165 (base 12) to base 11.
1512
Convert -2333 (base 4) to base 10.
-191
What is 11110 (base 2) in base 10?
30
-51521 (base 6) to base 15
-2094
-8b (base 16) to base 11
-117
Convert -130011 (base 4) to base 13.
-a83
What is -3162 (base 13) in base 9?
-10340
Convert -1310 (base 4) to base 7.
-224
14836 (base 13) to base 6
455214
Convert 497 (base 15) to base 16.
412
What is -241551 (base 6) in base 15?
-640d
What is -102100 (base 3) in base 5?
-2211
Convert 8337 (base 9) to base 10.
6109
-13472 (base 8) to base 12
-3536
What is 443 (base 11) in base 2?
1000010011
Convert 352 (base 8) to base 9.
280
726 (base 8) to base 14
258
567 (base 13) to base 16
3a2
Convert 20211221 (base 3) to base 12.
2a81
77b (base 13) to base 11
a69
Convert -131200 (base 5) to base 6.
-35543
Convert -413 (base 15) to base 16.
-396
1648 (base 9) to base 5
20014
120112 (base 3) to base 11
351
Convert -112210 (base 3) to base 5.
-3044
What is -375 (base 15) in base 2?
-1100010001
What is -1251 (base 7) in base 16?
-1dd
What is -1000001101110 (base 2) in base 9?
-5683
-2358 (base 12) to base 13
-1a54
Convert 2472 (base 8) to base 13.
7bc
44676 (base 9) to base 12
15243
772 (base 16) to base 13
b38
Convert -2020 (base 11) to base 4.
-221330
What is -1111001101 (base 2) in base 11?
-805
What is -227 (base 8) in base 14?
-ab
-122 (base 6) to base 5
-200
What is 31f (base 16) in base 10?
799
1021231 (base 4) to base 15
15e7
-8514 (base 9) to base 8
-14152
What is -6cd8 (base 14) in base 5?
-1102011
-1cb (base 13) to base 9
-413
-15434 (base 13) to base 11
-28285
